sor of j and 2.
2
Let v(n) = -n**2 + 6*n - 6. Let s be v(2). Calculate the highest common divisor of s and 8.
2
Let y be (-11 - (-5 + 3))/(-1). Let n be (y/(-2))/(3/(-8)). Suppose -4*b + 24 = k, b - 2*b = -k - 1. What is the highest common factor of k and n?
4
Let z = -13 - 4. Let t = z - -34. Let s(d) = d**3 - d + 34. Let b be s(0). Calculate the highest common divisor of t and b.
17
Let j be (2 + (-4)/4)*8. Suppose -h + 6 = t, -16 = -5*t + 3*t - 4*h. Suppose t*p + 64 = 8*p. Calculate the greatest common factor of p and j.
8
Suppose 3*d + 250 = 5*p + 4*d, -4*d = -5*p + 225. Calculate the highest common factor of p and 7.
7
Let k be (-76)/(-10) + (-2)/(-5). Suppose 0*v + 5*v - 80 = 0. What is the highest common factor of k and v?
8
Suppose 1 + 1 = u. Let f = u - 2. Let b(o) = -o**3 - o**2 + 10. Let y be b(f). What is the greatest common factor of y and 4?
2
Suppose 5*w + 25 = 5. Let g be w/(-1)*(6 + 3). What is the greatest common factor of g and 9?
9
Suppose -q + 36 = 3*q. Let v(f) = 8*f - 5. Let w be v(4). Calculate the highest common divisor of w and q.
9
Let r be 138/4*6/9. Calculate the greatest common divisor of r and 161.
23
Suppose -6*k + k + 140 = 0. What is the greatest common factor of 28 and k?
28
Let h = 0 - -72. What is the greatest common divisor of h and 24?
24
Let u(i) = 3 + 7 + 4*i**2 + 2*i - 2 - 7. Let z be u(-1). Calculate the highest common factor of z and 3.
3
Suppose -3*p + 105 = 5*q, 0 = -2*p - 2*p + 5*q + 105. What is the greatest common divisor of p and 10?
10
Suppose -3*n + 2*v + 7 = 0, 5*n + 0*n + 4*v = 19. Suppose -n*y - y = -252. What is the highest common divisor of y and 9?
9
Let n be (-2 - -12)*(-6)/15. Let c(f) = -2*f - 6. Let s be c(n). Suppose -11 + 3 = -2*j. What is the highest common factor of j and s?
2
Let o(d) = d**3 + d**2. Let k(b) = b**2 + 4*b - 6. Let g be k(-5). Let u be o(g). Suppose -5*y + 17 + 8 = u. What is the greatest common divisor of y and 45?
5
Let f be 6/(-3) - -1 - -130. Let s = -42 - f. Let y be (-2)/(2 - s/(-84)). Calculate the highest common divisor of y and 7.
7
Suppose 5*o + 682 = 2*d, 5*o - 230 + 915 = 5*d. Let j be o/(-12) + (-6)/(-9). Calculate the greatest common divisor of j and 6.
6
Let z = -8 - -10. Calculate the highest common factor of z and 1.
1
Let u = -18 - -22. Suppose -5*a + 0*a + 275 = -i, u*i = 2*a - 110. Calculate the highest common factor of a and 22.
11
Suppose m - 6 = -0*m. Let h(l) = 7*l**2 - 4*l + 3. Let n be h(3). Calculate the highest common divisor of m and n.
6
Let p be ((-4)/(-3))/((-2)/(-3)). Let c be 6/(p/28*2). Suppose 0*n - 4*n + 28 = 0. Calculate the greatest common factor of c and n.
7
Let a(z) = z**3 + 14*z**2 + 6*z. Let i be a(-12). Calculate the greatest common divisor of 24 and i.
24
Suppose -5*y + 1 = z - 2, -4*z + 5*y + 37 = 0. Suppose -m = -1 - z. Let w be (-4)/(-10) - 104/(-40). What is the highest common factor of w and m?
3
Let o(z) = -z**2 + 5*z + 1. Let x be o(5). Let h = 4 - x. Suppose 71 = 3*f - 5*y, -2*f + 64 = -4*y + 18. Calculate the greatest common factor of h and f.
3
Suppose q = 4*q + 117. Let f = q + 207. Suppose -2*w + 3*l = w - 72, -l = w - 18. Calculate the greatest common divisor of w and f.
21
Let w be (-94)/(-3) - 4/(-6). Suppose -w = -x - x. What is the highest common divisor of x and 8?
8
Let j be (-25)/(-4) + 3/(-12). Let t = j + 5. Calculate the greatest common divisor of t and 121.
11
Let c(l) = 12*l**2 - 1. Let p be c(-1). Calculate the greatest common factor of p and 11.
11
Let y = 5 + -5. Suppose y*n + 2*n = 18. Calculate the highest common factor of n and 18.
9
Let i be 11/(-9) + (-14)/(-63) - -103. Calculate the greatest common factor of 51 and i.
51
Suppose -2*k + 191 = 123. Let h = -102 + 153. Calculate the highest common factor of k and h.
17
Suppose 0 = 4*z + 5*x - 34, -z - z = -3*x - 28. Suppose -3*r + 51 = 3*t, -3*t = -2*t + 5. What is the greatest common divisor of z and r?
11
Let p = -1 + 21. Calculate the greatest common factor of p and 8.
4
Suppose 5*p - 57 + 17 = 0. What is the greatest common factor of p and 40?
8
Let y(g) = g**2 - 11*g - 10. Let p be y(12). Let q be (p/(-4))/((-2)/264). What is the highest common divisor of 6 and q?
6
Let z = 45 - 42. What is the highest common factor of 3 and z?
3
Suppose 3*u = -0*u + 534. Suppose -v + 4*x = -42, -4*v + 35 = -x - u. Calculate the highest common factor of 6 and v.
6
Suppose d = -d - 14. Let z(r) = r**3 + 7*r**2 - 2*r + 10. Let y be z(d). What is the greatest common divisor of 36 and y?
12
Let k = 1 - 0. Let y = 112 + -76. Let p be k/((1 - -1)/y). Calculate the greatest common factor of 2 and p.
2
Let t = 3 - 1. Suppose 3*p = -t*y + 59, 3*p - 2*p = 2*y + 17. Calculate the highest common factor of 152 and p.
19
Let g be 0 + -1 + 124 - 2. Suppose 0 = 5*t - 25, -3*y - 4*t + 0*t + 62 = 0. Let r = -3 + y. What is the highest common divisor of g and r?
11
Let m = 5 - 10. Let h(i) = i**3 - i + 2. Let a be h(2). Let g = a + m. What is the highest common factor of 21 and g?
3
Let l(r) = -55*r - 1. Let x be l(-1). Suppose 5*p = 2*p - 36. Let b be (p/(-14))/((-1)/(-7)). What is the greatest common factor of b and x?
6
Suppose -7*t = -56 - 140. What is the highest common divisor of 42 and t?
14
Let j be 22/6 + 6/(-9). Suppose -j*r + 3*q = q - 382, -r + 3*q + 125 = 0. Calculate the highest common divisor of r and 16.
16
Let j(n) = -n. Let q be j(-3). Let z(v) = v**2 + 5*v + 3. Let p be z(-3). Let i be (2/((-2)/p))/1. Calculate the greatest common divisor of q and i.
3
Let x(v) = 5*v**2 + 5*v - 5. Let f be x(-5). Let d = -30 + f. What is the greatest common factor of d and 13?
13
Suppose 3*y - 99 = 69. Suppose -z = 3*z - y. What is the highest common divisor of 2 and z?
2
Suppose 5*y - z - 13 = -0*z, -4 = -2*y + z. Let d = 2 + y. Suppose 0 = d*t - 2*t - 72. Calculate the greatest common divisor of t and 6.
6
Suppose 0 = 3*z - 4*w - 26, 0 = z - 4*w - 3 - 3. Let i = -26 - -56. What is the highest common factor of z and i?
10
Let q be ((-12)/10)/(26/(-455)). Calculate the highest common divisor of q and 21.
21
Let u = -191 + 272. Let v = u - 51. What is the greatest common divisor of v and 10?
10
Let i = 240 + -194. Calculate the greatest common factor of i and 207.
23
Suppose -2*p - p = -24. Suppose -3*g + p = -13. What is the highest common divisor of g and 49?
7
Let z = 60 + -45. Calculate the greatest common divisor of z and 75.
15
Suppose -2*h + 3*p + 6 = -7, 0 = 4*h - 3*p - 23. Calculate the greatest common factor of h and 55.
5
Let j = 12 - 5. Let h be j + 1*(4 + -2). Calculate the greatest common factor of h and 6.
3
Let z(r) = r**2 + 110. Let q be z(0). Suppose 4*p = 3*p + q. Calculate the highest common divisor of 10 and p.
10
Let v be (5 - 0) + -2 + 1. Suppose c - 4*q = -1, -q = -v*c + 1 + 10. Calculate the highest common factor of c and 6.
3
Let w(u) = u**3 + 4*u**2 - 1. Let g be w(-4). Let t be 1 - 4 - (-44 - g). What is the highest common factor of t and 16?
8
Let m = -5 - -6. Let f(v) = -m - 5 - 4*v + 6*v**2 + 7*v - v**3. Let j be f(6). Calculate the highest common divisor of 24 and j.
12
Let i be -1 - (2 + -193 - -1). Let g be i/11 + (-2)/11. Calculate the highest common divisor of g and 51.
17
Let z be (15/3 - -5) + 0/1. Suppose 5*w - 76 = 324. What is the highest common factor of w and z?
10
Let h(n) = 4*n - 2. Let p be h(5). Suppose 3*c - 5*c = 3*b - 27, -2*c + 2*b + 42 = 0. Calculate the highest common divisor of p and c.
18
Suppose 0*w + 2*w - 26 = l, 4*l = -2*w + 6. Suppose w - 26 = -u. What is the highest common divisor of u and 10?
5
Let u = 320 + -215. Suppose -5*x = 2*g - 50, -g - 2*x + 23 = -0. Calculate the highest common divisor of g and u.
15
Let z = 4 + -1. Suppose 2*w = 2*l, 4*l + 1 = -z*w + 8. Let g be (-30)/(1 + -1 - w). What is the highest common factor of 12 and g?
6
Let z be (0 - 0) + 2 + -2. Let w be z + (2 - 1*-18). Calculate the highest common factor of 50 and w.
10
Suppose 0 = 8*b - 3*b - 115. Suppose 2*y - 115 = -3*y. Calculate the highest common factor of b and y.
23
Let z be 605/(-33) - (-4)/(-6). Let v = z - -27. Calculate the greatest common divisor of v and 24.
8
Suppose 3*c - 27 = -3*a, -6*c = -2*c - 5*a + 9. Calculate the highest common divisor of c and 20.
4
Suppose 10*g = 8*g + 2. Let b be 1 + g - (-5 + -119). Cal